5*d - 3725 = 5*f, -3*d + 1201 = 3*f - 1016. What is the tens digit of d?
4
Let v = 21 - 46. Let i(h) = 7*h - 22. Let w be i(12). Let a = v + w. What is the units digit of a?
7
Suppose 3*p - 2*m = 18763, -5*m + 6241 = p - 3*m. Suppose -p + 931 = -19*q. What is the units digit of q?
0
Let b(y) = -63*y - 18. Let c be 1/3 + (-1)/(21/70). What is the tens digit of b(c)?
7
Suppose 4*u + 5*n + 513 = 6*u, n = 5*u - 1248. What is the tens digit of u?
4
Let b be 214/9 + (-8)/(-36). Let s = -39 + b. What is the tens digit of (-108)/s*(-15)/(-6)?
1
Let h(o) be the first derivative of 1/3*o**3 + 2 - 2*o**2 + 7*o. What is the tens digit of h(6)?
1
Suppose 0 = -36*g + 42*g - 948. Suppose 0*p = 2*p - g. What is the tens digit of p?
7
Suppose r - 21 = 315. Suppose 0 = -5*u - 10, 4*m + 4*u = 2*m + r. Let p = m - 117. What is the tens digit of p?
5
Let d(o) = -12*o**3 - 3*o**2 - 13*o - 21. What is the hundreds digit of d(-3)?
3
Suppose -38*u + 32*u + 588 = 0. What is the tens digit of u?
9
Let f be (20/6 - (-9)/(-27)) + 168. Suppose -3*j + 268 = -v - 239, j - v = f. What is the units digit of j?
8
Let h(s) = -258*s - 167. What is the units digit of h(-7)?
9
Let z = 1207 - 772. What is the tens digit of z?
3
What is the tens digit of (72/(-16))/((-105)/(-36) + -3)?
5
Suppose r = 4*h - 2*h - 12, 0 = 4*r - 3*h + 48. What is the units digit of 6/r*(1 + 19)/(-2)?
5
Let s(a) = -a**3 - 8*a**2 + 22*a + 12. Let w be s(-10). What is the hundreds digit of (488/(-5))/(w - 266/(-35))?
2
Suppose -p + 12 = -0*p + 5*s, 5*p = 5*s. Suppose -p = -r + 8. What is the units digit of 144/r - 2/5?
4
Let t = -77 - -82. Suppose t*g - 538 = -8. What is the hundreds digit of g?
1
Suppose -3*f + 803 + 1156 = 0. What is the hundreds digit of f?
6
Let m = -222 + 1346. What is the tens digit of m?
2
Let x(j) = -3*j**3 + 2*j**2 - 1. Let p be x(1). Let g be (-219)/(-4) - p/8. Let n = g - 38. What is the units digit of n?
7
Let m(y) = 2*y**2 + 9*y - 3. Let v be m(-5). Suppose -v*z = 2*z - 88. What is the tens digit of (11/z)/((-1)/(-128))?
6
Suppose 6*a - 3*a = 5*b + 1137, 2*b = a - 378. Suppose 20*d - a = 17*d. What is the tens digit of d?
2
What is the units digit of (1146/9)/(8/12)?
1
Let i = -34 - -43. Suppose -g = -9 - i. What is the units digit of g?
8
Suppose -2*n = -4*c + 148, -5*n - 13 + 3 = 0. What is the units digit of (-8)/c - 1048/(-18)?
8
What is the hundreds digit of (1 - -180)*(2 - (-3 - -1))?
7
What is the tens digit of 110 + (-13)/((-117)/(-72))?
0
Suppose 5*c = -30*o + 29*o + 11063, 4*o = 3*c - 6647. What is the hundreds digit of c?
2
Let c(y) = 122*y**2 + 3*y - 16. What is the hundreds digit of c(2)?
4
Suppose 25*s = 30*s - 1215. What is the tens digit of s?
4
Suppose 5*r - 41 = 19. Suppose 15*m - r*m = 54. What is the tens digit of m?
1
Suppose 4*p = -3*r - 2*r + 459, -2*r + 117 = p. What is the units digit of 0 - 9/(-15) - p/(-15)?
8
Let d(z) = 5*z**3 - 3*z**2 + 8*z + 7. Let k(u) = -u - 1. Let q(l) = d(l) + 6*k(l). What is the tens digit of q(2)?
3
Suppose -3*w + 98 = -13. Suppose 3*f + 0*f - 2 = -l, 0 = -3*f + 4*l - 8. Suppose 5*d + 3*m = 232, f = 2*d + 3*m - 54 - w. What is the units digit of d?
7
Suppose m = -2*n + 1728, m = 5*n - 3*m - 4294. Suppose -4*x + 8*x = -3*i + n, -1394 = -5*i + 4*x. What is the units digit of i?
2
Suppose u = 3*v - 19, 2*v - 41 = -3*v + 4*u. Let f(h) = h + 11. What is the tens digit of f(v)?
1
Let g = -390 - -809. What is the hundreds digit of g?
4
Let w be ((-135)/12)/(2/8). Let h = 27 + w. Let s = 40 + h. What is the units digit of s?
2
Let l(k) = -54*k + 3. Suppose p - 4 = 12. Let t = p - 17. What is the tens digit of l(t)?
5
Suppose -3*c + 326*d - 327*d + 11421 = 0, 4*c - 15226 = -2*d. What is the thousands digit of c?
3
Let w = -23 - 17. What is the units digit of 4/10 - 104/w?
3
Let c = -390 - -785. Let o(a) = 2*a**2 + 31*a + 85. Let p be o(-3). Suppose -p*t + c = -5*t. What is the units digit of t?
9
Suppose -6*h = 2*x - 2*h + 12, x + 3*h + 10 = 0. Suppose -3*f + 65 = x*f. Let d = f - -8. What is the units digit of d?
1
Let w = 106 - -85. What is the units digit of w?
1
Suppose -995*p - 4011 = -998*p. What is the tens digit of p?
3
What is the tens digit of (-1*9/6)/((-3)/26)?
1
Let y(o) = 4*o + 10. Let f be y(-2). Suppose -5*w + 531 = f*z, -3*z + 0*z = 4*w - 422. What is the tens digit of w?
0
Suppose 62*u = 67*u - 3175. What is the units digit of u?
5
Let i(n) = -95*n + 5. Let w be i(2). Let v = -105 - w. What is the tens digit of v?
8
Let y be (0 + -4)*(-11)/66*-3. What is the tens digit of (25 - y) + (3 - 2) + -1?
2
Suppose -b - 3*t + 73 = -6*t, -122 = -2*b - 2*t. Suppose -6*u - 4*c = -2*u - b, u = -3*c + 14. What is the tens digit of u?
1
Let k = -50 + 27. Let y = -22 - k. What is the tens digit of (y + 60/(-2))*-1?
2
Suppose 0 = -2*n - 3*n + 25. Suppose -2*i + 146 = 2*c - 104, -657 = -n*i + 3*c. What is the hundreds digit of i?
1
Suppose p - 5*f - 2339 = 0, 4*p + 5*f = 9*f + 9404. What is the units digit of p?
4
Let k be (-12)/14*(1 - 22). Let d = 64 - k. What is the tens digit of d?
4
Let g(o) = o**3 - 3*o**2 - 3*o - 2. Let i be g(-2). Let t(r) = -5*r. Let h(j) = -26*j. Let u(q) = i*t(q) + 3*h(q). What is the units digit of u(15)?
0
Suppose 0 = 4*s - 17*t + 13*t - 2832, -3522 = -5*s - t. What is the tens digit of s?
0
Let o be 1/(-4) - (-254)/(-8). What is the tens digit of 3/(-12) - 424/o?
1
Let m be (-1)/(4/(148/(-1))). Let j = 22 - m. Let g = -9 - j. What is the units digit of g?
6
Let v(f) = f**3 + 13*f**2 - 14*f. Let g(m) = m**2 - m. Let z(q) = 6*g(q) - v(q). Let t be z(-8). Suppose 4*y + t*y - 44 = 0. What is the units digit of y?
1
Let r(g) = -g**3 + 6*g**2 - 4*g + 6. Let i(l) = l**3 + 7*l**2 + 4*l - 5. Let w be i(-6). Suppose -2*n + w*n - 25 = 0. What is the units digit of r(n)?
1
Let n = 37 + -41. What is the tens digit of n/(-10) - (-7)/((-105)/(-1824))?
2
Let b(n) = -n**3 + 8*n + 5. Let x be b(-5). Let t = x - -20. Suppose 4*q + 5*w + 2 - t = 0, -3*q - w = -70. What is the units digit of q?
2
Suppose 52*i - 86035 - 63829 = 0. What is the units digit of i?
2
Suppose 4 = 5*x + 49. Let h = -8 - x. What is the tens digit of -2 + 30 + (h - 1)?
2
Suppose 11185 = 13*g - 22082. What is the units digit of g?
9
Suppose 8*l = 11*l - 3, -3*l + 217 = r. What is the units digit of r?
4
Suppose 2*c + 43*n - 707 = 38*n, -5*c + 4*n + 1784 = 0. What is the tens digit of c?
5
Let p(j) = -10*j + 5 - 6*j + 10*j - j**2. Let b be p(-6). Suppose -1 = -2*x + b. What is the units digit of x?
3
Let q = 620 + 1428. What is the hundreds digit of q?
0
Let f be (-5 + (-182)/(-39))*(0 - 9). Let l(c) = 6*c**2 + 3*c + 3. Let b be l(3). Suppose t + f = b. What is the tens digit of t?
6
Suppose 7 = 2*u - 3*z + 44, 5*u = 4*z - 75. Let g = u + 14. Suppose 0 = -4*q - g*y + 97, 2*y + 15 = q - 12. What is the units digit of q?
5
Suppose 0 = 2*w + h - 3059, 47*w - 48*w = 2*h - 1534. What is the units digit of w?
8
Let v(x) be the first derivative of 3 - 1/3*x**3 + 0*x - 9/2*x**2. What is the units digit of v(-6)?
8
Let o(k) = 5*k**2 - 13*k - 100. What is the tens digit of o(-10)?
3
Suppose 6 = -2*o, 4*n + 2*o = -0*n - 26. Let x(s) = -38*s - 45. What is the units digit of x(n)?
5
Suppose -12*a + 16*a + 3*z = 964, -3*a = -3*z - 702. What is the tens digit of a?
3
Let s be ((-2)/6)/(2/18). Let t be 2 + (-3 - (2 + s)). Let h(c) = -c**3 - c**2 + 22. What is the units digit of h(t)?
2
Let y = 242 + -86. What is the units digit of y?
6
Let a(k) = -k**2 + 2. Let x be a(-2). What is the hundreds digit of x/(-15) - 20146/(-105)?
1
Let l = -74 - 48. Let i be l/(-6) - 2/(-3). Suppose k - 31 = -2*z - 2*z, -k + i = -z. What is the tens digit of k?
2
Suppose -5*r - 2 = -6*r. Suppose -5*v + 459 = r*h + 2*h, -3*v + 301 = -4*h. What is the units digit of v?
5
Suppose -5*w + 4*v + 13 = 0, -3*w + 28 = 3*v + 4. Suppose -w*z = 4*s - 807, z - 5*s + 0 - 173 = 0. What is the hundreds digit of z?
1
Let w(v) = -10*v - 103. What is the units digit of w(-42)?
7
Let y = 1913 - 616. What is the units digit of y?
7
Suppose -17*x - 1075 = -3200. What is the hundreds digit of x?
1
Let r = -13 - -15. Suppose -j + 12 = 4*j + 2*w, 0 = 2*w - r. What is the units digit of (6/4)/(j/24)?
8
Suppose 0 = -8*w + 539 + 2341. What is the hundreds digit of w?
3
Let l be -4 - (-7 - (-12)/4). Suppose 5*a -